{"id":55,"date":"2023-05-28T14:41:10","date_gmt":"2023-05-28T12:41:10","guid":{"rendered":"https:\/\/tesign.ppc.at\/?page_id=55"},"modified":"2023-05-28T14:41:10","modified_gmt":"2023-05-28T12:41:10","slug":"referenzen","status":"publish","type":"page","link":"https:\/\/www.tesign.at\/?page_id=55","title":{"rendered":"Referenzen"},"content":{"rendered":"\n<figure class=\"wp-block-image size-large\"><img loading=\"lazy\" decoding=\"async\" width=\"1024\" height=\"224\" src=\"https:\/\/tesign.ppc.at\/wp-content\/uploads\/2023\/05\/head_07-1200x263-1-1024x224.jpg\" alt=\"\" class=\"wp-image-39\" srcset=\"https:\/\/www.tesign.at\/wp-content\/uploads\/2023\/05\/head_07-1200x263-1-1024x224.jpg 1024w, https:\/\/www.tesign.at\/wp-content\/uploads\/2023\/05\/head_07-1200x263-1-300x66.jpg 300w, https:\/\/www.tesign.at\/wp-content\/uploads\/2023\/05\/head_07-1200x263-1-768x168.jpg 768w, https:\/\/www.tesign.at\/wp-content\/uploads\/2023\/05\/head_07-1200x263-1.jpg 1200w\" sizes=\"auto, (max-width: 1024px) 100vw, 1024px\" \/><\/figure>\n\n\n<p>ein kleiner Auszug aus unserer Referenzliste:<\/p>\n<p>Gymnasium Neusiedl \/See<br \/>Bundesministerium f\u00fcr Finanzen<br \/>Universit\u00e4t Mozarteum Salzburg<br \/>Landesgalerie Burgenland<br \/>Hypo Nieder\u00f6sterreich Gruppe<br \/>u.v.a.m.<\/p>","protected":false},"excerpt":{"rendered":"<p>ein kleiner Auszug aus unserer Referenzliste: Gymnasium Neusiedl \/SeeBundesministerium f\u00fcr FinanzenUniversit\u00e4t Mozarteum SalzburgLandesgalerie BurgenlandHypo Nieder\u00f6sterreich Gruppeu.v.a.m.<\/p>\n","protected":false},"author":1,"featured_media":0,"parent":0,"menu_order":0,"comment_status":"closed","ping_status":"closed","template":"","meta":{"footnotes":""},"class_list":["post-55","page","type-page","status-publish","hentry","entry"],"_links":{"self":[{"href":"https:\/\/www.tesign.at\/index.php?rest_route=\/wp\/v2\/pages\/55","targetHints":{"allow":["GET"]}}],"collection":[{"href":"https:\/\/www.tesign.at\/index.php?rest_route=\/wp\/v2\/pages"}],"about":[{"href":"https:\/\/www.tesign.at\/index.php?rest_route=\/wp\/v2\/types\/page"}],"author":[{"embeddable":true,"href":"https:\/\/www.tesign.at\/index.php?rest_route=\/wp\/v2\/users\/1"}],"replies":[{"embeddable":true,"href":"https:\/\/www.tesign.at\/index.php?rest_route=%2Fwp%2Fv2%2Fcomments&post=55"}],"version-history":[{"count":1,"href":"https:\/\/www.tesign.at\/index.php?rest_route=\/wp\/v2\/pages\/55\/revisions"}],"predecessor-version":[{"id":56,"href":"https:\/\/www.tesign.at\/index.php?rest_route=\/wp\/v2\/pages\/55\/revisions\/56"}],"wp:attachment":[{"href":"https:\/\/www.tesign.at\/index.php?rest_route=%2Fwp%2Fv2%2Fmedia&parent=55"}],"curies":[{"name":"wp","href":"https:\/\/api.w.org\/{rel}","templated":true}]}}